{"id":194,"date":"2020-06-02T20:16:20","date_gmt":"2020-06-02T20:16:20","guid":{"rendered":"https:\/\/edsondavid.com.br\/tphu\/?page_id=194"},"modified":"2020-06-02T20:51:30","modified_gmt":"2020-06-02T20:51:30","slug":"cura","status":"publish","type":"page","link":"https:\/\/edsondavid.com.br\/tphu\/cura\/","title":{"rendered":"Cura"},"content":{"rendered":"<h3><span style=\"color: #008000;\">Apelos para Sa\u00fade<\/span><\/h3>\n<p><strong>224<\/strong><\/p>\n<p>\u00d3! Deus Todo-Poderoso, presente em meu cora\u00e7\u00e3o,<br \/>\n\u00f3! Maria, m\u00e3e de Jesus, envia todos os teus anjos sobre teu raio de amor, que eles guardem &#8230; e cura-o (ou a).<br \/>\n\u00d3! Maria, torna a aquecer seu cora\u00e7\u00e3o em tuas m\u00e3os de luz e toma-o (ou a) em teu seio.<\/p>\n<p>AYAM AYAM AYAM<\/p>\n<p>Eu te agrade\u00e7o, \u00f3! Maria, meu apelo \u00e9 atendido.<\/p>\n<hr \/>\n<p><strong>380<\/strong><br \/>\nO! Kuan-Yin, nossa M\u00e3e de todos, derrama teu amor imenso sobre a China, a Indo-China e o Laos. D\u00e1-nos poder, sabedoria e amor a n\u00f3s, teus filhinhos. Carrega nossa ta\u00e7a com teus raios c\u00f3smicos, carrega a \u00e1gua viva de nossa Fonte com teu amor. \u00d3! Kuan-Yin, toma os cora\u00e7\u00f5es dos homens em tuas m\u00e3ozinhas e cura-os do \u00f3dio, da cr\u00edtica, da tristeza.<br \/>\nO! Kuan-Yin, n\u00f3s te adoramos e n\u00f3s te pedimos aceitar nosso amor e nosso reconhecimento.<\/p>\n<p>AYAM AYAM AYAM<\/p>\n<p>Eu sou AYAM, a lei da Miseric\u00f3rdia Divina que espalha sobre a Terra.<\/p>\n<p>293<\/p>\n<hr \/>\n<p><strong>387<\/strong><\/p>\n<p>AYAM AYAM AYAM<\/p>\n<p>Doce Jesus, nosso Mestre, cura&#8230;\u00a0\u00a0 pelos teus raios.<br \/>\nEu te aben\u00e7\u00f5o, Jesus, ao apelo que nos deste.<\/p>\n<p>293<\/p>\n<hr \/>\n<p><strong>456<\/strong><\/p>\n<p>Cura, cura, cura de Daddy (3 vezes) sobre estas almas (ou sobre &#8230;.) desce; desce, desce, desce.<\/p>\n<p>293<\/p>\n<p><strong>467<\/strong><\/p>\n<p>Cura, cura, cura do Grande Diretor Divino (3 vezes a frase) sobre &#8230;. desce; desce, desce, desce.<\/p>\n<p>(3 vezes o todo e 293)<\/p>\n<p><strong>488<\/strong><\/p>\n<p>\u00d3! Deus Todo-Poderoso, presente em meu cora\u00e7\u00e3o, \u00f3! Leto, querida Leto, \u00f3! bem-amado Saint Germain e Maria, m\u00e3e de Jesus, tomai em vossas m\u00e3os de luz a alma dos doentes enquanto eles sofrem e fazei-a subir provisoriamente na Luz. Fazei-a expirar no tempo preciso e dai-lhe a calma e a tranq\u00fcilidade.<\/p>\n<p>AYAM AYAM AYAM<\/p>\n<p>Eu sou AYAM, lei da calma e da tranquilidade para todos os doentes.<\/p>\n<p>\u00d3! Deus Todo-poderoso, presente em meu cora\u00e7\u00e3o, \u00f3! Leto, querida Leto, \u00f3! bem-amado Saint Germain e Maria, m\u00e3e de Jesus, curai assim os doentes e impedi-os de sofrer.<\/p>\n<p>AYAM AYAM AYAM<\/p>\n<p>Eu sou AYAM, a lei da supress\u00e3o da dor e da doen\u00e7a.<\/p>\n<p>293<\/p>\n<p><strong>505<\/strong><\/p>\n<p>Cura, cura, cura do Arcanjo Rafael (3 vezes a frase) sobre &#8230;. desce; desce, desce, desce.<\/p>\n<p>(3 vezes o todo e 293)<\/p>\n<hr \/>\n<p><strong>510<\/strong><\/p>\n<p>\u00d3! Deus Todo-Poderoso, presente em meu cora\u00e7\u00e3o, \u00f3! Arcanjo Rafael, \u00f3! Anjos de cura!<br \/>\nDeixai correr em n\u00f3s e nos corpos f\u00edsicos de toda a humanidade a subst\u00e2ncia Divina que destr\u00f3i a radioatividade nociva de que est\u00e1 impregnada a atmosfera da Terra.<br \/>\nFazei correr esta subst\u00e2ncia Divina, \u00f3! Deus Todo-Poderoso, presente em meu cora\u00e7\u00e3o, \u00f3! Arcanjo Rafael, \u00f3! Anjos de cura!<\/p>\n<p>AYAM AYAM AYAM<\/p>\n<p>293<\/p>\n<p>523<\/p>\n<p>Poder de cura, poder de cura, poder de cura do Grande Sol Central (3 vezes a frase) nas m\u00e3os dos Filhos de Vahali desce; desce, desce, desce.<\/p>\n<p>(3 vezes o todo e 293)<\/p>\n<p><strong>541<\/strong><\/p>\n<p>Cura, cura, cura de Daddy (3 vezes) sobre os leprosos desce; desce, desce, desce.<\/p>\n<p>(3 vezes o todo e 293)<\/p>\n<hr \/>\n<p><strong>572<\/strong><\/p>\n<p>CURA ou SA\u00daDE<br \/>\nCura, cura, cura de Zoser (3 vezes a frase) sobre&#8230;&#8230;&#8230;&#8230;&#8230;&#8230;&#8230;&#8230;&#8230;&#8230;&#8230;. desce, desce, desce, desce. (3 vezes o todo)<\/p>\n<p>AYAM AYAM AYAM<\/p>\n<p>293<\/p>\n<hr \/>\n<p>&nbsp;<\/p>\n","protected":false},"excerpt":{"rendered":"<p>Apelos para Sa\u00fade 224 \u00d3! Deus Todo-Poderoso, presente em meu cora\u00e7\u00e3o, \u00f3! Maria, m\u00e3e de Jesus, envia todos os teus anjos sobre teu raio de amor, que eles guardem &#8230; e cura-o (ou a). \u00d3! Maria, torna a aquecer seu cora\u00e7\u00e3o em tuas m\u00e3os de luz e toma-o (ou a) em teu seio. AYAM AYAM &hellip;<\/p>\n<p class=\"read-more\"> <a class=\"\" href=\"https:\/\/edsondavid.com.br\/tphu\/cura\/\"> <span class=\"screen-reader-text\">Cura<\/span> Leia mais &raquo;<\/a><\/p>\n","protected":false},"author":1,"featured_media":200,"parent":0,"menu_order":0,"comment_status":"closed","ping_status":"closed","template":"","meta":{"_uag_custom_page_level_css":"","footnotes":""},"class_list":["post-194","page","type-page","status-publish","has-post-thumbnail","hentry"],"uagb_featured_image_src":{"full":["https:\/\/edsondavid.com.br\/tphu\/wp-content\/uploads\/2020\/06\/saude.png",115,180,false],"thumbnail":["https:\/\/edsondavid.com.br\/tphu\/wp-content\/uploads\/2020\/06\/saude-115x150.png",115,150,true],"medium":["https:\/\/edsondavid.com.br\/tphu\/wp-content\/uploads\/2020\/06\/saude.png",115,180,false],"medium_large":["https:\/\/edsondavid.com.br\/tphu\/wp-content\/uploads\/2020\/06\/saude.png",115,180,false],"large":["https:\/\/edsondavid.com.br\/tphu\/wp-content\/uploads\/2020\/06\/saude.png",115,180,false],"1536x1536":["https:\/\/edsondavid.com.br\/tphu\/wp-content\/uploads\/2020\/06\/saude.png",115,180,false],"2048x2048":["https:\/\/edsondavid.com.br\/tphu\/wp-content\/uploads\/2020\/06\/saude.png",115,180,false]},"uagb_author_info":{"display_name":"admin","author_link":"https:\/\/edsondavid.com.br\/tphu\/author\/admin\/"},"uagb_comment_info":0,"uagb_excerpt":"Apelos para Sa\u00fade 224 \u00d3! Deus Todo-Poderoso, presente em meu cora\u00e7\u00e3o, \u00f3! Maria, m\u00e3e de Jesus, envia todos os teus anjos sobre teu raio de amor, que eles guardem &#8230; e cura-o (ou a). \u00d3! Maria, torna a aquecer seu cora\u00e7\u00e3o em tuas m\u00e3os de luz e toma-o (ou a) em teu seio. AYAM AYAM&hellip;","publishpress_future_action":{"enabled":false,"date":"2026-04-25 14:53:36","action":"change-status","newStatus":"draft","terms":[],"taxonomy":""},"publishpress_future_workflow_manual_trigger":{"enabledWorkflows":[]},"_links":{"self":[{"href":"https:\/\/edsondavid.com.br\/tphu\/wp-json\/wp\/v2\/pages\/194"}],"collection":[{"href":"https:\/\/edsondavid.com.br\/tphu\/wp-json\/wp\/v2\/pages"}],"about":[{"href":"https:\/\/edsondavid.com.br\/tphu\/wp-json\/wp\/v2\/types\/page"}],"author":[{"embeddable":true,"href":"https:\/\/edsondavid.com.br\/tphu\/wp-json\/wp\/v2\/users\/1"}],"replies":[{"embeddable":true,"href":"https:\/\/edsondavid.com.br\/tphu\/wp-json\/wp\/v2\/comments?post=194"}],"version-history":[{"count":4,"href":"https:\/\/edsondavid.com.br\/tphu\/wp-json\/wp\/v2\/pages\/194\/revisions"}],"predecessor-version":[{"id":201,"href":"https:\/\/edsondavid.com.br\/tphu\/wp-json\/wp\/v2\/pages\/194\/revisions\/201"}],"wp:featuredmedia":[{"embeddable":true,"href":"https:\/\/edsondavid.com.br\/tphu\/wp-json\/wp\/v2\/media\/200"}],"wp:attachment":[{"href":"https:\/\/edsondavid.com.br\/tphu\/wp-json\/wp\/v2\/media?parent=194"}],"curies":[{"name":"wp","href":"https:\/\/api.w.org\/{rel}","templated":true}]}}