{"id":441,"date":"2023-05-10T16:07:12","date_gmt":"2023-05-10T16:07:12","guid":{"rendered":"https:\/\/edsondavid.com.br\/tphu\/?page_id=441"},"modified":"2023-05-11T13:32:39","modified_gmt":"2023-05-11T13:32:39","slug":"ressonancia","status":"publish","type":"page","link":"https:\/\/edsondavid.com.br\/tphu\/ressonancia\/","title":{"rendered":"Resson\u00e2ncia"},"content":{"rendered":"<p><strong>A for\u00e7a \u00e9 a ora\u00e7\u00e3o<\/strong><\/p>\n<!--[if lt IE 9]><script>document.createElement('audio');<\/script><![endif]-->\n<audio class=\"wp-audio-shortcode\" id=\"audio-441-1\" preload=\"none\" style=\"width: 100%;\" controls=\"controls\"><source type=\"audio\/mpeg\" src=\"https:\/\/edsondavid.com.br\/tphu\/wp-content\/uploads\/2023\/05\/A-forca-e-a-oracao.mp3?_=1\" \/><a href=\"https:\/\/edsondavid.com.br\/tphu\/wp-content\/uploads\/2023\/05\/A-forca-e-a-oracao.mp3\">https:\/\/edsondavid.com.br\/tphu\/wp-content\/uploads\/2023\/05\/A-forca-e-a-oracao.mp3<\/a><\/audio>\n<p><strong>Ativando Escudo de Luz<\/strong><\/p>\n<audio class=\"wp-audio-shortcode\" id=\"audio-441-2\" preload=\"none\" style=\"width: 100%;\" controls=\"controls\"><source type=\"audio\/mpeg\" src=\"https:\/\/edsondavid.com.br\/tphu\/wp-content\/uploads\/2023\/05\/Ativando-Escudo-de-Luz.mp3?_=2\" \/><a href=\"https:\/\/edsondavid.com.br\/tphu\/wp-content\/uploads\/2023\/05\/Ativando-Escudo-de-Luz.mp3\">https:\/\/edsondavid.com.br\/tphu\/wp-content\/uploads\/2023\/05\/Ativando-Escudo-de-Luz.mp3<\/a><\/audio>\n<p><strong>Chama Violeta Miseric\u00f3rdia Divina, a for\u00e7a espiritual de nossos pedidos, ativando<\/strong><\/p>\n<audio class=\"wp-audio-shortcode\" id=\"audio-441-3\" preload=\"none\" style=\"width: 100%;\" controls=\"controls\"><source type=\"audio\/mpeg\" src=\"https:\/\/edsondavid.com.br\/tphu\/wp-content\/uploads\/2023\/05\/Chama-Violeta-Misericordia-Divina-a-forca-espiritual-de-nossos-pedidos-ativando.mp3?_=3\" \/><a href=\"https:\/\/edsondavid.com.br\/tphu\/wp-content\/uploads\/2023\/05\/Chama-Violeta-Misericordia-Divina-a-forca-espiritual-de-nossos-pedidos-ativando.mp3\">https:\/\/edsondavid.com.br\/tphu\/wp-content\/uploads\/2023\/05\/Chama-Violeta-Misericordia-Divina-a-forca-espiritual-de-nossos-pedidos-ativando.mp3<\/a><\/audio>\n<p><strong>Chama Violeta Miseric\u00f3rdia Divina, a for\u00e7a espiritual de nossos pedidos, ativando para&#8230;<\/strong><\/p>\n<audio class=\"wp-audio-shortcode\" id=\"audio-441-4\" preload=\"none\" style=\"width: 100%;\" controls=\"controls\"><source type=\"audio\/mpeg\" src=\"https:\/\/edsondavid.com.br\/tphu\/wp-content\/uploads\/2023\/05\/Chama-Violeta-Misericordia-Divina-a-forca-espiritual-de-nossos-pedidos-ativando-para....mp3?_=4\" \/><a href=\"https:\/\/edsondavid.com.br\/tphu\/wp-content\/uploads\/2023\/05\/Chama-Violeta-Misericordia-Divina-a-forca-espiritual-de-nossos-pedidos-ativando-para....mp3\">https:\/\/edsondavid.com.br\/tphu\/wp-content\/uploads\/2023\/05\/Chama-Violeta-Misericordia-Divina-a-forca-espiritual-de-nossos-pedidos-ativando-para....mp3<\/a><\/audio>\n<p><strong>Chama Violeta Miseric\u00f3rdia Divina, a for\u00e7a espiritual de nossos pedidos, ativando para 3&#8230;<\/strong><\/p>\n<audio class=\"wp-audio-shortcode\" id=\"audio-441-5\" preload=\"none\" style=\"width: 100%;\" controls=\"controls\"><source type=\"audio\/mpeg\" src=\"https:\/\/edsondavid.com.br\/tphu\/wp-content\/uploads\/2023\/05\/Chama-Violeta-Misericordia-Divina-a-forca-espiritual-de-nossos-pedidos-ativando-para-3....mp3?_=5\" \/><a href=\"https:\/\/edsondavid.com.br\/tphu\/wp-content\/uploads\/2023\/05\/Chama-Violeta-Misericordia-Divina-a-forca-espiritual-de-nossos-pedidos-ativando-para-3....mp3\">https:\/\/edsondavid.com.br\/tphu\/wp-content\/uploads\/2023\/05\/Chama-Violeta-Misericordia-Divina-a-forca-espiritual-de-nossos-pedidos-ativando-para-3....mp3<\/a><\/audio>\n<p><strong>Conhecimentos<\/strong><\/p>\n<audio class=\"wp-audio-shortcode\" id=\"audio-441-6\" preload=\"none\" style=\"width: 100%;\" controls=\"controls\"><source type=\"audio\/mpeg\" src=\"https:\/\/edsondavid.com.br\/tphu\/wp-content\/uploads\/2023\/05\/Conhecimentos.mp3?_=6\" \/><a href=\"https:\/\/edsondavid.com.br\/tphu\/wp-content\/uploads\/2023\/05\/Conhecimentos.mp3\">https:\/\/edsondavid.com.br\/tphu\/wp-content\/uploads\/2023\/05\/Conhecimentos.mp3<\/a><\/audio>\n<p><strong>Corpo de Luz Energ\u00e9tico<\/strong><\/p>\n<audio class=\"wp-audio-shortcode\" id=\"audio-441-7\" preload=\"none\" style=\"width: 100%;\" controls=\"controls\"><source type=\"audio\/mpeg\" src=\"https:\/\/edsondavid.com.br\/tphu\/wp-content\/uploads\/2023\/05\/Corpo-de-Luz-Energetico.mp3?_=7\" \/><a href=\"https:\/\/edsondavid.com.br\/tphu\/wp-content\/uploads\/2023\/05\/Corpo-de-Luz-Energetico.mp3\">https:\/\/edsondavid.com.br\/tphu\/wp-content\/uploads\/2023\/05\/Corpo-de-Luz-Energetico.mp3<\/a><\/audio>\n<p><strong>Corpo de Luz Energ\u00e9tico (2)<\/strong><\/p>\n<audio class=\"wp-audio-shortcode\" id=\"audio-441-8\" preload=\"none\" style=\"width: 100%;\" controls=\"controls\"><source type=\"audio\/mpeg\" src=\"https:\/\/edsondavid.com.br\/tphu\/wp-content\/uploads\/2023\/05\/Corpo-de-Luz-Energetico-2.mp3?_=8\" \/><a href=\"https:\/\/edsondavid.com.br\/tphu\/wp-content\/uploads\/2023\/05\/Corpo-de-Luz-Energetico-2.mp3\">https:\/\/edsondavid.com.br\/tphu\/wp-content\/uploads\/2023\/05\/Corpo-de-Luz-Energetico-2.mp3<\/a><\/audio>\n<p><strong>Corpo espiritual energ\u00e9tico<\/strong><\/p>\n<audio class=\"wp-audio-shortcode\" id=\"audio-441-9\" preload=\"none\" style=\"width: 100%;\" controls=\"controls\"><source type=\"audio\/mpeg\" src=\"https:\/\/edsondavid.com.br\/tphu\/wp-content\/uploads\/2023\/05\/Corpo-espiritual-energetico.mp3?_=9\" \/><a href=\"https:\/\/edsondavid.com.br\/tphu\/wp-content\/uploads\/2023\/05\/Corpo-espiritual-energetico.mp3\">https:\/\/edsondavid.com.br\/tphu\/wp-content\/uploads\/2023\/05\/Corpo-espiritual-energetico.mp3<\/a><\/audio>\n<p><strong>Corpo F\u00edsico, Corpo Espiritual, Corpo de Pensamentos, ativando<\/strong><\/p>\n<audio class=\"wp-audio-shortcode\" id=\"audio-441-10\" preload=\"none\" style=\"width: 100%;\" controls=\"controls\"><source type=\"audio\/mpeg\" src=\"https:\/\/edsondavid.com.br\/tphu\/wp-content\/uploads\/2023\/05\/Corpo-Fisico-Corpo-Espiritual-Corpo-de-Pensamentos-ativando.mp3?_=10\" \/><a href=\"https:\/\/edsondavid.com.br\/tphu\/wp-content\/uploads\/2023\/05\/Corpo-Fisico-Corpo-Espiritual-Corpo-de-Pensamentos-ativando.mp3\">https:\/\/edsondavid.com.br\/tphu\/wp-content\/uploads\/2023\/05\/Corpo-Fisico-Corpo-Espiritual-Corpo-de-Pensamentos-ativando.mp3<\/a><\/audio>\n<p><strong>For\u00e7a Espiritual Consci\u00eancia Luz<\/strong><\/p>\n<audio class=\"wp-audio-shortcode\" id=\"audio-441-11\" preload=\"none\" style=\"width: 100%;\" controls=\"controls\"><source type=\"audio\/mpeg\" src=\"https:\/\/edsondavid.com.br\/tphu\/wp-content\/uploads\/2023\/05\/Forca-Espiritual-Consciencia-Luz.mp3?_=11\" \/><a href=\"https:\/\/edsondavid.com.br\/tphu\/wp-content\/uploads\/2023\/05\/Forca-Espiritual-Consciencia-Luz.mp3\">https:\/\/edsondavid.com.br\/tphu\/wp-content\/uploads\/2023\/05\/Forca-Espiritual-Consciencia-Luz.mp3<\/a><\/audio>\n","protected":false},"excerpt":{"rendered":"<p>A for\u00e7a \u00e9 a ora\u00e7\u00e3o Ativando Escudo de Luz Chama Violeta Miseric\u00f3rdia Divina, a for\u00e7a espiritual de nossos pedidos, ativando Chama Violeta Miseric\u00f3rdia Divina, a for\u00e7a espiritual de nossos pedidos, ativando para&#8230; Chama Violeta Miseric\u00f3rdia Divina, a for\u00e7a espiritual de nossos pedidos, ativando para 3&#8230; Conhecimentos Corpo de Luz Energ\u00e9tico Corpo de Luz Energ\u00e9tico (2) &hellip;<\/p>\n<p class=\"read-more\"> <a class=\"\" href=\"https:\/\/edsondavid.com.br\/tphu\/ressonancia\/\"> <span class=\"screen-reader-text\">Resson\u00e2ncia<\/span> Leia mais &raquo;<\/a><\/p>\n","protected":false},"author":1,"featured_media":0,"parent":0,"menu_order":0,"comment_status":"closed","ping_status":"closed","template":"","meta":{"_uag_custom_page_level_css":"","footnotes":""},"class_list":["post-441","page","type-page","status-publish","hentry"],"uagb_featured_image_src":{"full":false,"thumbnail":false,"medium":false,"medium_large":false,"large":false,"1536x1536":false,"2048x2048":false},"uagb_author_info":{"display_name":"admin","author_link":"https:\/\/edsondavid.com.br\/tphu\/author\/admin\/"},"uagb_comment_info":0,"uagb_excerpt":"A for\u00e7a \u00e9 a ora\u00e7\u00e3o Ativando Escudo de Luz Chama Violeta Miseric\u00f3rdia Divina, a for\u00e7a espiritual de nossos pedidos, ativando Chama Violeta Miseric\u00f3rdia Divina, a for\u00e7a espiritual de nossos pedidos, ativando para&#8230; Chama Violeta Miseric\u00f3rdia Divina, a for\u00e7a espiritual de nossos pedidos, ativando para 3&#8230; Conhecimentos Corpo de Luz Energ\u00e9tico Corpo de Luz Energ\u00e9tico (2)&hellip;","publishpress_future_action":{"enabled":false,"date":"2026-04-25 14:53:38","action":"change-status","newStatus":"draft","terms":[],"taxonomy":""},"publishpress_future_workflow_manual_trigger":{"enabledWorkflows":[]},"_links":{"self":[{"href":"https:\/\/edsondavid.com.br\/tphu\/wp-json\/wp\/v2\/pages\/441"}],"collection":[{"href":"https:\/\/edsondavid.com.br\/tphu\/wp-json\/wp\/v2\/pages"}],"about":[{"href":"https:\/\/edsondavid.com.br\/tphu\/wp-json\/wp\/v2\/types\/page"}],"author":[{"embeddable":true,"href":"https:\/\/edsondavid.com.br\/tphu\/wp-json\/wp\/v2\/users\/1"}],"replies":[{"embeddable":true,"href":"https:\/\/edsondavid.com.br\/tphu\/wp-json\/wp\/v2\/comments?post=441"}],"version-history":[{"count":6,"href":"https:\/\/edsondavid.com.br\/tphu\/wp-json\/wp\/v2\/pages\/441\/revisions"}],"predecessor-version":[{"id":460,"href":"https:\/\/edsondavid.com.br\/tphu\/wp-json\/wp\/v2\/pages\/441\/revisions\/460"}],"wp:attachment":[{"href":"https:\/\/edsondavid.com.br\/tphu\/wp-json\/wp\/v2\/media?parent=441"}],"curies":[{"name":"wp","href":"https:\/\/api.w.org\/{rel}","templated":true}]}}