{"id":523,"date":"2024-12-07T11:15:10","date_gmt":"2024-12-07T11:15:10","guid":{"rendered":"https:\/\/edsondavid.com.br\/tphu\/?page_id=523"},"modified":"2024-12-07T11:44:00","modified_gmt":"2024-12-07T11:44:00","slug":"apelos-diarios","status":"publish","type":"page","link":"https:\/\/edsondavid.com.br\/tphu\/apelos-diarios\/","title":{"rendered":"Apelos di\u00e1rios"},"content":{"rendered":"<p><strong>Apelo 162<\/strong><br \/>\nLuz, luz, luz da Ta\u00e7a de Cristal dos milhares de S\u00f3is (3 vezes) em todas as casas dos humanos<br \/>\ndesce; desce, desce, desce.<br \/>\n(3 vezes)<br \/>\n<strong>Eu pe\u00e7o e comando que este apelo seja atendido com a rapidez do rel\u00e2mpago, pela luz do grande sol central<\/strong>.<\/p>\n<hr \/>\n<p><strong>Apelo 665<\/strong><br \/>\n<strong>NOTA:<\/strong> Chamai, ent\u00e3o, a Chama de Ouro, esta deliciosa e ador\u00e1vel Chama de Amor que cura<br \/>\nmoral e fisicamente:<br \/>\nChama de Ouro do Grande Sol Central (3 vezes) desce em minha Aura e enche-a com tua doce<br \/>\nLuz.<br \/>\nAYAM AYAM AYAM<br \/>\nEu te agrade\u00e7o, \u00f3! Chama inef\u00e1vel, tu atendeste ao meu apelo. <u>Terminar como se segue:<\/u><br \/>\n\u00d3 Deus Todo-Poderoso, presente em meu cora\u00e7\u00e3o, \u00f3! Toda-Poderosa Presen\u00e7a AYAM, sust\u00e9m<br \/>\neste apelo por tua Luz C\u00f3smica e mant\u00e9m sua efic\u00e1cia por toda a eternidade.<br \/>\nSANAT KUMARA<\/p>\n<hr \/>\n<p><strong>Apelo 673<\/strong><br \/>\n\u00d3! Deus Todo-Poderoso, presente em meu cora\u00e7\u00e3o.<br \/>\n\u00d3! Toda-Poderosa Presen\u00e7a AYAM mergulha-me numa fogueira permanente de chama azul incandescente. Que ela brote com for\u00e7a em torno de mim e consuma as formas-pensamentos que me rodeiam e que ela afaste de mim as entidades desencarnadas do Astral.<br \/>\nAYAM AYAM AYAM<br \/>\n<strong>Eu pe\u00e7o e comando que este apelo seja atendido com a rapidez do rel\u00e2mpago, pela luz do grande sol central<\/strong>.<\/p>\n<hr \/>\n<p><strong>Apelo 616<\/strong><br \/>\nToda-Poderosa Presen\u00e7a AYAM, faz de mim uma Presen\u00e7a, um Poder, uma Atividade da Luz que quebra, que consome, que destr\u00f3i, que terrifica tudo o que n\u00e3o \u00e9 Luz.<br \/>\nAYAM AYAM AYAM<\/p>\n<hr \/>\n<p><strong>Apelo 567<\/strong><br \/>\n\u00d3! Deus Todo-Poderoso, presente em meu cora\u00e7\u00e3o, \u00d3! bem-amado Saint Germain, cerca-me com tua luz, faz que ela seja t\u00e3o forte que me torne invis\u00edvel a toda for\u00e7a mal\u00e9fica que tentar me atacar.<br \/>\nQue ela aumente e se solidifique, que se torne um manto que me proteja e me envolva para sempre.<br \/>\nAYAM AYAM AYAM<br \/>\nEu te agrade\u00e7o, \u00f3! bem-amado Saint Germain, teu apelo \u00e9 atendido.<\/p>\n<hr \/>\n<p><strong>Apelo 666<\/strong><br \/>\nN\u00e3o h\u00e1 nada escondido que n\u00e3o seja desvelado (3 vezes) e a Toda-Poderosa Presen\u00e7a AYAM me revela o que eu n\u00e3o devo ignorar.<\/p>\n<hr \/>\n<p><strong>Apelo 667<\/strong><br \/>\nO! Deus Todo-Poderoso, presente em meu cora\u00e7\u00e3o, envia teus Anjos Devas do Rel\u00e2mpago Azul do amor Divino diante de mim!<br \/>\nVarre de meu caminho todas as entidades formas-pensamentos e almas errantes. Mant\u00e9m-nas longe de minha vida e de minha atividade para sempre.<br \/>\nSe for preciso, envia legi\u00f5es de Anjos para produzir tua perfei\u00e7\u00e3o em mim e no meu mundo para sempre.<\/p>\n<hr \/>\n<p><strong>Apelo 681 <\/strong><br \/>\n<strong>DEUS DO GRANDE NORTE <\/strong><br \/>\n<strong>TEMPESTADE INTERIOR<\/strong><br \/>\nColocai a m\u00e3o sobre vosso plexo e fazei este apelo:<br \/>\nPaz, Paz, Paz, desce em mim e retira todos os tormentos que me assaltam, retira todos os problemas que me espreitam retira tudo que \u00e9 negativo em mim.<br \/>\nPaz, Paz, Paz, desce em mim e toma meus problemas em teus turbilh\u00f5es, carrega-os instantaneamente, leva-os para longe de mim, para a Luz que os consuma. Conduze-me \u00e0 Paz. Conduze-me \u00e0 serenidade.<br \/>\nD\u00e1-me o que \u00e9 necess\u00e1rio para que esse turbilh\u00e3o que me assaltou n\u00e3o seja mais que uma recorda\u00e7\u00e3o desagrad\u00e1vel.<br \/>\nO! Sim, d\u00e1-me a Paz que impede esses problemas de se manifestarem, que impede esses problemas de me atormentar e inquietar.<br \/>\nQue esses turbilh\u00f5es voltem para l\u00e1, de onde vieram, que essa for\u00e7a me torne forte, que essa for\u00e7a, ao contr\u00e1rio, me abra os olhos e me d\u00ea a Paz, a Confian\u00e7a e a Calma.<br \/>\nQue minha Presen\u00e7a pouse sua m\u00e3o sobre todos esses problemas e apague tudo.<br \/>\nAYAM AYAM AYAM<\/p>\n<hr \/>\n<p><strong>Apelo 155 <\/strong><br \/>\n<strong>Armadura de Luz<\/strong><br \/>\n\u00d3! Deus Todo-Poderoso, presente em meu cora\u00e7\u00e3o!<br \/>\n\u00d3! bem-amado Saint Germain, d\u00e1-nos tanta Luz C\u00f3smica que ela se torne uma armadura em torno de n\u00f3s. Que ela nos proteja e que ela consuma tudo o que n\u00e3o \u00e9 luz em n\u00f3s e em torno de n\u00f3s.<br \/>\nAYAM AYAM AYAM<br \/>\nN\u00f3s te agradecemos, \u00f3! bem-amado Saint Germain, teu apelo \u00e9 atendido.<\/p>\n<hr \/>\n<p><strong>Apelo 156 <\/strong><br \/>\n<strong>Manto que torna invis\u00edvel<\/strong><br \/>\n\u00d3! Deus Todo-Poderoso, presente em meu cora\u00e7\u00e3o!<br \/>\n\u00d3! bem-amado Saint Germain, cerca-me com tua luz, que ela seja t\u00e3o forte que me torne invis\u00edvel a toda for\u00e7a mal\u00e9fica que tentar me atacar. Que ela aumente e se solidifique, que ela se torne um manto que me proteja e me envolva para sempre.<br \/>\nAYAM AYAM AYAM<br \/>\nEu te agrade\u00e7o, \u00f3! bem-amado Saint Germain, teu apelo \u00e9 atendido.<\/p>\n<hr \/>\n<p><strong>Apelo 157<\/strong><br \/>\n\u00d3! Deus Todo-Poderoso, presente em meu cora\u00e7\u00e3o, \u00f3! bem-amado Saint Germain, veste-me com tua armadura de luz. Que ela me proteja das cria\u00e7\u00f5es humanas e das formas-pensamentos pelas quais estou sempre rodeado.<br \/>\nAYAM AYAM AYAM<br \/>\nEu te agrade\u00e7o, \u00f3! bem-amado Saint Germain, teu apelo \u00e9 atendido.<\/p>\n<hr \/>\n<p><strong>Apelo 680<\/strong><br \/>\nApelo para vos proteger e transmutar a for\u00e7a sinistra:<br \/>\nEu sou AYAM a Presen\u00e7a fulgurante e vitoriosa que mergulha esta flecha envenenada de disc\u00f3rdia numa fogueira de Chama Violeta; que ela a consuma para sempre.<br \/>\nEu Transmuto esta radia\u00e7\u00e3o nefasta em energia fecunda com que eu aben\u00e7oo a humanidade.<br \/>\nAYAM AYAM AYAM<\/p>\n<hr \/>\n<p><strong>Apelo 924<\/strong><br \/>\nProte\u00e7\u00e3o, prote\u00e7\u00e3o, prote\u00e7\u00e3o de H\u00e9rcules (3 vezes) sobre&#8230;&#8230; desce; desce, desce, desce. (3 vezes)<br \/>\n<strong>Eu pe\u00e7o e comando que este apelo seja atendido com a rapidez do rel\u00e2mpago, pela luz do grande sol central<\/strong>.<\/p>\n<hr \/>\n<p><strong>APELOS PARA SA\u00daDE<\/strong><br \/>\nDeus Todo-Poderoso, presente em meu cora\u00e7\u00e3o! Espalha tua Luz C\u00f3smica em todas as c\u00e9lulas de meu corpo a fim de que ela brilhe e o ilumine eternamente.<br \/>\n(3 vezes o todo)<\/p>\n<hr \/>\n<p>\u00d3! Deus Todo-Poderoso, presente em meu cora\u00e7\u00e3o! Enche meu corpo com tanta Luz que ela rejeite toda imperfei\u00e7\u00e3o, toda impureza e toda disc\u00f3rdia que fa\u00e7am mal ao corpo f\u00edsico. Que ela afaste tudo o que n\u00e3o \u00e9 luz e que ela vele para que toda disc\u00f3rdia, toda dor, toda imperfei\u00e7\u00e3o e toda impureza n\u00e3o possam mais penetr\u00e1-lo.<br \/>\nQue Ela tome possess\u00e3o de todo corpo f\u00edsico.<br \/>\n\u00d3! Pot\u00eancias da Luz, \u00f3! Deus Todo-Poderoso, presente em meu cora\u00e7\u00e3o, sede Mestre de cada um, sede Mestre de toda forma humana, que ela vos obede\u00e7a absolutamente.<br \/>\nFazei de mim um im\u00e3 que atraia todo o bem e afaste todo o mal que tentar entrar no meu corpo.<br \/>\nEu aceito esta grande manifesta\u00e7\u00e3o de amor e agrade\u00e7o.<\/p>\n<hr \/>\n<p><strong>Apelo 488<\/strong><br \/>\n\u00d3! Deus Todo-Poderoso, presente em meu cora\u00e7\u00e3o, \u00f3! Leto, querida Leto, \u00f3! bem-amado Saint Germain e Maria, m\u00e3e de Jesus, tomai em vossas m\u00e3os de luz a alma dos doentes enquanto eles sofrem, e fazei-a subir provisoriamente na Luz. Fazei-a expirar no tempo preciso e dai-lhe a calma<br \/>\ne a tranquilidade.<br \/>\nAYAM AYAM AYAM<br \/>\nEu sou AYAM, lei da calma e da tranquilidade para todos os doentes.<br \/>\n\u00d3! Deus Todo-poderoso, presente em meu cora\u00e7\u00e3o, \u00f3! Leto, querida Leto, \u00f3! bem-amado Saint Germain e Maria, m\u00e3e de Jesus, curai assim os doentes e impedi-os de sofrer.<br \/>\nAYAM AYAM AYAM<br \/>\nEu sou AYAM, a lei da supress\u00e3o da dor e da doen\u00e7a.<br \/>\nEu pe\u00e7o e comando que esse apelo seja atendido com a rapidez do rel\u00e2mpago pela luz do Grande Sol Central.<\/p>\n<hr \/>\n<p><strong>APELOS DE CHAMA VERDE LIM\u00c3O<\/strong><br \/>\n<strong>Apelo 375<\/strong><br \/>\nChama Verde Lim\u00e3o dos milhares de S\u00f3is (3 vezes)<br \/>\nCorre docemente nesta situa\u00e7\u00e3o: das verdades que necessitam serem desveladas que necessita<br \/>\nser aclarada e instala-te a\u00ed para morar. Aquece, aquece, aquece, espalha-te aumento de volume<br \/>\ne mostra-nos para terminar, a ossatura da coisa, afim de que possamos remedi\u00e1-la.<br \/>\n\u00d3 poderosa Chama Verde \u2013 lim\u00e3o, mostra-nos o reverso das coisas.<br \/>\nAYAM &#8211; AYAM &#8211; AYAM<br \/>\nN\u00f3s te agradecemos porque atendeste ao nosso apelo.<br \/>\n<strong>Eu pe\u00e7o e comando que este apelo seja atendido com a rapidez do rel\u00e2mpago, pela luz do grande sol central<\/strong>.<\/p>\n<hr \/>\n<p><strong>Apelo 376<\/strong><br \/>\n\u00d3 Deus Todo Poderoso, presente em meu cora\u00e7\u00e3o!<br \/>\n\u00d3 Poderosa Chama Verde-Lim\u00e3o, n\u00f3s te pedimos te insinuares nesta situa\u00e7\u00e3o &#8230;&#8230; e te espalhares em torno e por dentro.<br \/>\nAquece, aquece, aquece, \u00f3! Poderosa Chama Verde-Lim\u00e3o e faz rebentar a carapa\u00e7a de mentira em que est\u00e1 envolvida esta situa\u00e7\u00e3o.<br \/>\nAYAM \u2013 AYAM \u2013 AYAM<br \/>\nEu sou I AM, a lei da vis\u00e3o justa desta situa\u00e7\u00e3o.<br \/>\n<strong>Eu pe\u00e7o e comando que este apelo seja atendido com a rapidez do rel\u00e2mpago, pela luz do grande sol central<\/strong>.<\/p>\n<hr \/>\n<p><strong>Apelo 377<\/strong><br \/>\n\u00d3 Poderosa Chama Verde-lim\u00e3o, corre nesta situa\u00e7\u00e3o sobre todos os afetos e desafetos conhecidos e desconhecidos e aquece, aquece, aquece a fim de que a verdade apare\u00e7a na tua Luz. Esclarece a ossatura escondida da coisa e coloca-a a nu.<br \/>\nAYAM &#8211; AYAM &#8211; AYAM<br \/>\nEu te agrade\u00e7o o apelo a que atendeste.<\/p>\n<hr \/>\n<p><strong>Apelo 378<\/strong><br \/>\nO! Deus Todo Poderoso, presente em meu cora\u00e7\u00e3o, \u00f3 Poderosa Chama Verde- Lim\u00e3o, n\u00f3s vos agradecemos os apelos que n\u00e3o nos esqueceremos de empregar.<br \/>\nAYAM &#8211; AYAM &#8211; AYAM<\/p>\n<hr \/>\n<p><strong>Chama Violeta<\/strong><br \/>\nChama Violeta Miseric\u00f3rdia Divina sobre minha c\u00fapula desce; desce, desce, desce.<br \/>\nChama Violeta Miseric\u00f3rdia Divina sobre tudo o que \u00e9 sagrado em mim, desce; desce, desce,<br \/>\ndesce.<br \/>\n<strong>Pensou manifestou<\/strong><br \/>\nChama Violeta Miseric\u00f3rdia Divina sobre um castelo de luz violeta ao meu redor, desce; desce, desce, desce.<br \/>\nChama Violeta Miseric\u00f3rdia Divina sobre minha coroa desce; desce, desce, desce.<br \/>\nChama Violeta Miseric\u00f3rdia Divina sobre a for\u00e7a e a\u00e7\u00e3o espiritual para que minha m\u00e3o seja sempre curativa, desce; desce, desce, desce.<br \/>\nChama Violeta Miseric\u00f3rdia Divina limpando meu corpo f\u00edsico de todo tipo de impureza, desce; desce, desce, desce.<br \/>\nChama Violeta Miseric\u00f3rdia Divina fortalecendo meus ossos, desce; desce, desce, desce.<br \/>\nChama Violeta Miseric\u00f3rdia Divina sobre a for\u00e7a ascensionadora dos meus Mestres Ascencionados em mim desce; desce, desce, desce.<br \/>\nChama Violeta Miseric\u00f3rdia Divina sobre minha for\u00e7a cr\u00edstica, fortalecendo a for\u00e7a de Cristo em mim, desce; desce, desce, desce.<br \/>\nChama Violeta Miseric\u00f3rdia Divina trazendo a for\u00e7a da cura para mim, minha m\u00e3e e meus familiares descem; desce, desce, desce.<br \/>\nChama Violeta Miseric\u00f3rdia Divina limpando, purificando todas as energias do passado sobre meus relacionamentos desce; desce, desce, desce.<\/p>\n<hr \/>\n<p><strong>Apelo 848<\/strong><br \/>\nChama Verde-Lim\u00e3o do Universo (3 vezes) sobre as sombras agi, agi, agi e aclarai este estado de<br \/>\ncoisas que nos perturbam.<br \/>\n(3 vezes o todo)<br \/>\n<strong>Eu pe\u00e7o e comando que este apelo seja atendido com a rapidez do rel\u00e2mpago, pela luz do grande sol central<\/strong>.<\/p>\n<hr \/>\n<p><strong>Apelo 851<\/strong><br \/>\nVit\u00f3ria, vit\u00f3ria, vit\u00f3ria da Chama Verde-Lim\u00e3o dos milhares de S\u00f3is (3 vezes) sobre as situa\u00e7\u00f5es que necessitam ser aclaradas desce, desce, desce, desce.<\/p>\n<hr \/>\n<p><strong>Apelo 728<\/strong><br \/>\n\u00d3! Rosa de Luz, \u00f3! Rosa de Luz, \u00f3! Rosa de Luz prende-nos em tuas p\u00e9talas brancas. Protege-nos pela tua Luz, \u00f3! Rosa de Luz!<br \/>\nAYAM AYAM AYAM<br \/>\n<strong>Eu pe\u00e7o e comando que este apelo seja atendido com a rapidez do rel\u00e2mpago, pela luz do grande sol central<\/strong>.<\/p>\n<hr \/>\n<p><strong>Apelo 569<\/strong><br \/>\nAstrea, nossa Mestra, aplica teu c\u00edrculo de Chama Azul em torno de mim, minha fam\u00edlia (pode acrescentar: m\u00e3e, pai, filho), aplica-o, aplica-o, aplica-o.<br \/>\n(9 vezes o todo)<br \/>\n<strong>Eu pe\u00e7o e comando que este apelo seja atendido com a rapidez do rel\u00e2mpago, pela luz do grande sol central<\/strong>.<\/p>\n<hr \/>\n<p><strong>Apelo 460<\/strong><br \/>\nBombas de Chama Azul dos milhares de S\u00f3is (3 vezes) sobre mim, minha fam\u00edlia (pode acrescentar: m\u00e3e, pai, filho) tombai; tombai, tombai, tombai.<br \/>\nFazer tamb\u00e9m com: rel\u00e2mpagos, tempestades, tornados, ciclones, rajadas, ondas, torrentes, chuvas, cortinas, toalhas.<br \/>\n<strong>Eu pe\u00e7o e comando que este apelo seja atendido com a rapidez do rel\u00e2mpago, pela luz do grande sol central<\/strong>.<\/p>\n<hr \/>\n<p><strong>Apelo 96<\/strong><br \/>\n\u00d3! Astrea, nossa Mestra Astrea, deixa teus Anjos Azuis descerem sobre a Terra para nos purificar. Cerca-nos com tua luz azul e d\u00e1-nos a ajuda de tuas Legi\u00f5es de Ouro.<br \/>\nQue todas estas atividades tomem cada ser que deixa seu corpo f\u00edsico, que o protejam e o purifiquem at\u00e9 o momento aben\u00e7oado de sua ascens\u00e3o.<br \/>\nAYAM AYAM AYAM<br \/>\nNos te agradecemos, Mestra Astrea, nosso apelo \u00e9 atendido.<\/p>\n<hr \/>\n<p><strong>Apelo 97<\/strong><br \/>\nAYAM AYAM AYAM<br \/>\nM\u00e3e Divina, n\u00f3s te chamamos, n\u00f3s te adoramos, n\u00f3s te rogamos nos aben\u00e7oar. Faz-nos humildes diante de tua serena majestade. Faz-nos obedientes. D\u00e1-nos muito amor para que dele fiquemos saturados e faz de n\u00f3s teus filhos.<br \/>\nAYAM AYAM AYAM<br \/>\nN\u00f3s veneramos a M\u00e3e Divina.<\/p>\n<hr \/>\n<p><strong>Apelo 891<\/strong><br \/>\nChama Azul, Chama Azul, Chama Azul, de Mestra Eleonora (3 vezes) sobre nossos trabalhos<br \/>\ndesce; desce, desce, desce e d\u00e1-nos a vit\u00f3ria.<br \/>\n(3 vezes o todo)<br \/>\n<strong>Eu pe\u00e7o e comando que este apelo seja atendido com a rapidez do rel\u00e2mpago, pela luz do grande sol central<\/strong>.<\/p>\n<hr \/>\n<p><strong>Apelo 895<\/strong><br \/>\nDivina Chama Azul (3 vezes) nas situa\u00e7\u00f5es dif\u00edceis descei e consumi a disc\u00f3rdia.<br \/>\n(3 vezes o todo)<br \/>\n<strong>Eu pe\u00e7o e comando que este apelo seja atendido com a rapidez do rel\u00e2mpago, pela luz do grande sol central<\/strong>.<\/p>\n<hr \/>\n<p><strong>Apelo 896<\/strong><br \/>\nChama Azul, Chama Azul, Chama Azul sobre a humanidade desce; desce, desce, desce.<br \/>\n(3 vezes o todo)<br \/>\n<strong>Eu pe\u00e7o e comando que este apelo seja atendido com a rapidez do rel\u00e2mpago, pela luz do grande sol central<\/strong>.<\/p>\n<hr \/>\n<p><strong>Apelo 897<\/strong><br \/>\nChama Azul de Astrea (3 vezes) no astral e na aura de &#8230;. (substituir nos pontilhados por: mim, fam\u00edlia, etc&#8230;) desce; desce, desce, desce.<br \/>\n(3 vezes o todo)<br \/>\n<strong>Eu pe\u00e7o e comando que este apelo seja atendido com a rapidez do rel\u00e2mpago, pela luz do grande sol central<\/strong>.<\/p>\n<hr \/>\n<p><strong>Apelo 899<\/strong><br \/>\nAstrea, nossa Mestra, aplica teu c\u00edrculo de Chama Azul, em torno de nossas cidades, nossos lares, nossos familiares, amigos e conviventes; aplica-o, aplica-o, aplica-o.<br \/>\n(9 vezes o todo)<br \/>\n<strong>Eu pe\u00e7o e comando que este apelo seja atendido com a rapidez do rel\u00e2mpago, pela luz do grande sol central<\/strong>.<\/p>\n<hr \/>\n<p><strong>Apelo 900<\/strong><br \/>\nAstrea, \u00f3! Mestra Astrea, derrama tua Luz Azul em toda disc\u00f3rdia criada e consome-a neste instante mesmo.<br \/>\n(3 vezes o todo)<br \/>\nAYAM AYAM AYAM<br \/>\n<strong>Eu pe\u00e7o e comando que este apelo seja atendido com a rapidez do rel\u00e2mpago, pela luz do grande sol central<\/strong>.<\/p>\n<hr \/>\n<p><strong>Apelo 901<\/strong><br \/>\nAnjos Azuis, Anjos Azuis, Anjos Azuis (3 vezes) consumi, consumi, consumi toda disc\u00f3rdia em torno de mim.<br \/>\nAYAM AYAM AYAM<br \/>\n<strong>Eu pe\u00e7o e comando que este apelo seja atendido com a rapidez do rel\u00e2mpago, pela luz do grande sol central<\/strong>.<\/p>\n","protected":false},"excerpt":{"rendered":"<p>Apelo 162 Luz, luz, luz da Ta\u00e7a de Cristal dos milhares de S\u00f3is (3 vezes) em todas as casas dos humanos desce; desce, desce, desce. (3 vezes) Eu pe\u00e7o e comando que este apelo seja atendido com a rapidez do rel\u00e2mpago, pela luz do grande sol central. Apelo 665 NOTA: Chamai, ent\u00e3o, a Chama de &hellip;<\/p>\n<p class=\"read-more\"> <a class=\"\" href=\"https:\/\/edsondavid.com.br\/tphu\/apelos-diarios\/\"> <span class=\"screen-reader-text\">Apelos di\u00e1rios<\/span> Leia mais &raquo;<\/a><\/p>\n","protected":false},"author":1,"featured_media":0,"parent":0,"menu_order":0,"comment_status":"closed","ping_status":"closed","template":"","meta":{"_uag_custom_page_level_css":"","footnotes":""},"class_list":["post-523","page","type-page","status-publish","hentry"],"uagb_featured_image_src":{"full":false,"thumbnail":false,"medium":false,"medium_large":false,"large":false,"1536x1536":false,"2048x2048":false},"uagb_author_info":{"display_name":"admin","author_link":"https:\/\/edsondavid.com.br\/tphu\/author\/admin\/"},"uagb_comment_info":0,"uagb_excerpt":"Apelo 162 Luz, luz, luz da Ta\u00e7a de Cristal dos milhares de S\u00f3is (3 vezes) em todas as casas dos humanos desce; desce, desce, desce. (3 vezes) Eu pe\u00e7o e comando que este apelo seja atendido com a rapidez do rel\u00e2mpago, pela luz do grande sol central. Apelo 665 NOTA: Chamai, ent\u00e3o, a Chama de&hellip;","publishpress_future_action":{"enabled":false,"date":"2026-04-25 14:53:56","action":"change-status","newStatus":"draft","terms":[],"taxonomy":""},"publishpress_future_workflow_manual_trigger":{"enabledWorkflows":[]},"_links":{"self":[{"href":"https:\/\/edsondavid.com.br\/tphu\/wp-json\/wp\/v2\/pages\/523"}],"collection":[{"href":"https:\/\/edsondavid.com.br\/tphu\/wp-json\/wp\/v2\/pages"}],"about":[{"href":"https:\/\/edsondavid.com.br\/tphu\/wp-json\/wp\/v2\/types\/page"}],"author":[{"embeddable":true,"href":"https:\/\/edsondavid.com.br\/tphu\/wp-json\/wp\/v2\/users\/1"}],"replies":[{"embeddable":true,"href":"https:\/\/edsondavid.com.br\/tphu\/wp-json\/wp\/v2\/comments?post=523"}],"version-history":[{"count":5,"href":"https:\/\/edsondavid.com.br\/tphu\/wp-json\/wp\/v2\/pages\/523\/revisions"}],"predecessor-version":[{"id":529,"href":"https:\/\/edsondavid.com.br\/tphu\/wp-json\/wp\/v2\/pages\/523\/revisions\/529"}],"wp:attachment":[{"href":"https:\/\/edsondavid.com.br\/tphu\/wp-json\/wp\/v2\/media?parent=523"}],"curies":[{"name":"wp","href":"https:\/\/api.w.org\/{rel}","templated":true}]}}